r when 255 is divided by 18?
3
Calculate the remainder when 10007 is divided by 12.
11
Calculate the remainder when 1787 is divided by 237.
128
Calculate the remainder when 1550 is divided by 308.
10
What is the remainder when 133 is divided by 7?
0
What is the remainder when 8521 is divided by 862?
763
What is the remainder when 1520905 is divided by 1520904?
1
Calculate the remainder when 903 is divided by 48.
39
What is the remainder when 13915 is divided by 33?
22
Calculate the remainder when 36100 is divided by 200.
100
Calculate the remainder when 1134 is divided by 198.
144
Calculate the remainder when 198 is divided by 18.
0
What is the remainder when 6952 is divided by 129?
115
What is the remainder when 8483 is divided by 505?
403
Calculate the remainder when 21718 is divided by 1357.
6
Calculate the remainder when 345686 is divided by 14.
12
Calculate the remainder when 1137112 is divided by 47.
41
What is the remainder when 45588 is divided by 91?
88
Calculate the remainder when 206111 is divided by 39.
35
Calculate the remainder when 1672 is divided by 13.
8
Calculate the remainder when 78929 is divided by 1679.
16
What is the remainder when 17540 is divided by 8751?
38
Calculate the remainder when 14867 is divided by 64.
19
Calculate the remainder when 133822 is divided by 44.
18
Calculate the remainder when 5202936 is divided by 185.
181
What is the remainder when 39318 is divided by 140?
118
What is the remainder when 2958020 is divided by 33?
32
Calculate the remainder when 2715 is divided by 677.
7
Calculate the remainder when 938276 is divided by 93.
92
Calculate the remainder when 384988 is divided by 88.
76
What is the remainder when 1005 is divided by 514?
491
What is the remainder when 942 is divided by 15?
12
What is the remainder when 7847 is divided by 70?
7
What is the remainder when 77257 is divided by 234?
37
What is the remainder when 41720 is divided by 366?
362
What is the remainder when 2873 is divided by 150?
23
Calculate the remainder when 18376 is divided by 1373.
527
What is the remainder when 51152 is divided by 289?
288
Calculate the remainder when 374954 is divided by 74984.
34
What is the remainder when 25992 is divided by 136?
16
What is the remainder when 140345 is divided by 557?
538
What is the remainder when 286730 is divided by 388?
386
What is the remainder when 54915 is divided by 363?
102
Calculate the remainder when 18960 is divided by 93.
81
What is the remainder when 7209 is divided by 1439?
14
What is the remainder when 17650 is divided by 62?
42
Calculate the remainder when 7114 is divided by 630.
184
What is the remainder when 17969 is divided by 58?
47
What is the remainder when 4780 is divided by 529?
19
What is the remainder when 370469 is divided by 6?
5
Calculate the remainder when 8246976 is divided by 70.
66
Calculate the remainder when 6073 is divided by 6073.
0
What is the remainder when 12136 is divided by 152?
128
What is the remainder when 2155 is divided by 990?
175
Calculate the remainder when 3671589 is divided by 34.
31
Calculate the remainder when 81369 is divided by 12.
9
What is the remainder when 107119 is divided by 17847?
37
What is the remainder when 2910128 is divided by 154?
144
Calculate the remainder when 367 is divided by 325.
42
What is the remainder when 62191 is divided by 338?
337
What is the remainder when 14255 is divided by 1781?
7
Calculate the remainder when 966 is divided by 86.
20
What is the remainder when 87119 is divided by 180?
179
Calculate the remainder when 34359 is divided by 4906.
17
What is the remainder when 79402 is divided by 39?
37
Calculate the remainder when 57183 is divided by 2483.
74
Calculate the remainder when 45693 is divided by 1588.
1229
Calculate the remainder when 1663 is divided by 58.
39
What is the remainder when 15284 is divided by 182?
178
What is the remainder when 426625 is divided by 30473?
3
What is the remainder when 1149537 is divided by 85?
82
Calculate the remainder when 50579 is divided by 45.
44
Calculate the remainder when 8318 is divided by 2770.
8
What is the remainder when 92214 is divided by 174?
168
Calculate the remainder when 3579 is divided by 1174.
57
What is the remainder when 1453 is divided by 233?
55
What is the remainder when 1212 is divided by 236?
32
Calculate the remainder when 701045 is divided by 47.
40
Calculate the remainder when 35850 is divided by 247.
35
Calculate the remainder when 344 is divided by 310.
34
Calculate the remainder when 40466 is divided by 221.
23
Calculate the remainder when 304435 is divided by 332.
323
What is the remainder when 218803 is divided by 43757?
18
What is the remainder when 408374 is divided by 251?
248
Calculate the remainder when 857123 is divided by 348.
347
Calculate the remainder when 1073651 is divided by 389.
11
What is the remainder when 428676 is divided by 214328?
20
What is the remainder when 3516 is divided by 1036?
408
Calculate the remainder when 435 is divided by 77.
50
What is the remainder when 24865 is divided by 201?
142
Calculate the remainder when 4756 is divided by 436.
396
What is the remainder when 321766 is divided by 35?
11
What is the remainder when 308871 is divided by 792?
783
Calculate the remainder when 35090 is divided by 11509.
563
Calculate the remainder when 16538 is divided by 149.
148
What is the remainder when 87920 is divided by 8?
0
What is the remainder when 8930 is divided by 157?
138
Calculate the remainder when 126296 is divided by 120.
56
Calculate the remainder when 115 is divided by 39.
37
Calculate the remainder when 43811 is divided by 18.
17
What is the remainder when 7525 is divided by 830?
55
Calculate the remainder when 2789 is divided by 924.
17
Calculate the remainder when 61233 is divided by 667.
536
Calculate the remainder when 258680 is divided by 86223.
11
Calculate the remainder when 94556 is divided by 104.
20
Calculate the remainder when 530738 is divided by 28.
26
What is the remainder when 8288 is divided by 2072?
0
What is the remainder when 89132 is divided by 373?
358
Calculate the remainder when 7526 is divided by 993.
575
What is the remainder when 834 is divided by 518?
316
Calculate the remainder when 87146 is divided by 300.
146
What is the remainder when 13135 is divided by 305?
20
Calculate the remainder when 1843 is divided by 906.
31
What is the remainder when 24307 is divided by 443?
385
What is the remainder when 116281 is divided by 29070?
1
Calculate the remainder when 3104 is divided by 28.
24
Calculate the remainder when 13080 is divided by 104.
80
Calculate the remainder when 18890 is divided by 6292.
14
What is the remainder when 6176847 is divided by 158?
153
Calculate the remainder when 47263 is divided by 1277.
14
Calculate the remainder when 34012 is divided by 11311.
79
Calculate the remainder when 22585 is divided by 104.
17
Calculate the remainder when 1961 is divided by 435.
221
Calculate the remainder when 390750 is divided by 882.
24
Calculate the remainder when 3170 is divided by 293.
240
Calculate the remainder when 763 is divided by 42.
7
What is the remainder when 20220 is divided by 9843?
534
Calculate the remainder when 10118 is divided by 17.
3
What is the remainder when 268581 is divided by 152?
149
What is the remainder when 217 is divided by 201?
16
What is the remainder when 318890 is divided by 159440?
10
What is the remainder when 69957 is divided by 843?
831
What is the remainder when 1644 is divided by 2?
0
What is the remainder when 953 is divided by 56?
1
Calculate the remainder when 3251 is divided by 231.
17
Calculate the remainder when 24642 is divided by 11.
2
Calculate the remainder when 48701 is divided by 697.
608
What is the remainder when 11036 is divided by 267?
89
Calculate the remainder when 7558 is divided by 2516.
10
What is the remainder when 20573 is divided by 20?
13
What is the remainder when 12330 is divided by 12025?
305
What is the remainder when 5220 is divided by 39?
33
Calculate the remainder when 35259 is divided by 414.
69
Calculate the remainder when 6363 is divided by 3173.
17
What is the remainder when 20916 is divided by 27?
18
What is the remainder when 1609037 is divided by 718?
717
Calculate the remainder wh